f 701077 and 117?
13
Calculate the greatest common divisor of 13100 and 28.
4
Calculate the highest common factor of 1860 and 4320.
60
Calculate the greatest common factor of 149 and 647107.
149
What is the greatest common factor of 204 and 2988?
12
Calculate the highest common divisor of 78687 and 7.
7
Calculate the greatest common factor of 91865 and 38.
19
What is the greatest common factor of 144 and 83712?
48
Calculate the greatest common divisor of 4015 and 17655.
55
Calculate the greatest common divisor of 265 and 170395.
265
Calculate the greatest common factor of 2041 and 66411.
157
What is the highest common divisor of 161 and 80362?
23
Calculate the highest common divisor of 221158 and 56.
14
What is the highest common divisor of 71 and 177713?
71
Calculate the greatest common factor of 429806 and 78.
26
Calculate the greatest common factor of 20889 and 198.
99
What is the highest common factor of 126 and 21483?
63
What is the greatest common factor of 1246 and 154?
14
Calculate the highest common factor of 89114 and 68.
34
Calculate the greatest common factor of 714 and 151746.
42
Calculate the greatest common divisor of 316602 and 1804.
902
What is the highest common factor of 75764 and 62?
62
What is the greatest common divisor of 177640 and 680?
40
Calculate the highest common factor of 78508 and 532.
76
Calculate the highest common divisor of 2 and 217324.
2
What is the greatest common factor of 249 and 46729?
83
Calculate the greatest common divisor of 1896 and 3718056.
1896
What is the greatest common factor of 5232 and 3232?
16
Calculate the greatest common divisor of 1280 and 57280.
320
What is the greatest common divisor of 10432247 and 98?
49
What is the highest common factor of 15358 and 14?
14
Calculate the highest common factor of 3910 and 18.
2
What is the highest common divisor of 56350 and 735?
245
Calculate the highest common factor of 41 and 64534.
41
Calculate the greatest common divisor of 2364 and 1812.
12
What is the greatest common divisor of 205454 and 172?
86
Calculate the highest common factor of 23852 and 4020.
268
Calculate the greatest common factor of 2 and 16643.
1
Calculate the greatest common divisor of 830952 and 324.
108
Calculate the greatest common factor of 95 and 292885.
95
Calculate the greatest common divisor of 5950431 and 9.
9
What is the greatest common divisor of 401 and 103057?
401
What is the highest common factor of 32 and 219872?
32
What is the highest common factor of 506 and 5038?
22
Calculate the highest common divisor of 288 and 59352.
24
Calculate the greatest common divisor of 1911 and 507.
39
Calculate the highest common factor of 245 and 44436.
7
What is the greatest common factor of 85031 and 23?
23
What is the greatest common factor of 10 and 1738?
2
Calculate the greatest common divisor of 802 and 149573.
401
What is the greatest common factor of 15075 and 675?
225
Calculate the highest common factor of 6486 and 26.
2
Calculate the greatest common divisor of 183692 and 76.
76
What is the greatest common divisor of 69001 and 1?
1
Calculate the greatest common divisor of 402 and 156.
6
Calculate the greatest common divisor of 512 and 327312.
16
Calculate the greatest common factor of 312 and 41288.
104
What is the greatest common divisor of 78993 and 5025?
201
Calculate the highest common divisor of 1025 and 123.
41
Calculate the greatest common divisor of 11 and 32.
1
Calculate the highest common factor of 1915 and 38683.
383
Calculate the greatest common factor of 127742 and 115.
23
What is the highest common divisor of 513 and 401337?
171
Calculate the highest common factor of 6 and 309.
3
What is the greatest common divisor of 1 and 55057?
1
Calculate the greatest common divisor of 7809 and 28907.
137
What is the highest common factor of 40811 and 74?
37
Calculate the highest common factor of 126 and 3206.
14
What is the highest common divisor of 1820 and 19670?
70
Calculate the highest common divisor of 176 and 309584.
176
Calculate the highest common divisor of 115 and 96623.
23
Calculate the highest common factor of 510 and 610980.
510
What is the greatest common factor of 990 and 162250?
110
What is the highest common divisor of 3874200 and 495?
165
Calculate the greatest common divisor of 450 and 28278.
18
Calculate the greatest common divisor of 32813 and 77.
11
Calculate the greatest common divisor of 969 and 2499.
51
What is the greatest common factor of 1680 and 116790?
30
What is the greatest common factor of 3887169 and 102?
51
Calculate the greatest common divisor of 427 and 10919.
61
Calculate the highest common divisor of 9774 and 13014.
54
Calculate the highest common divisor of 1165 and 35.
5
What is the highest common divisor of 7504 and 3232?
16
Calculate the highest common divisor of 19 and 90839.
19
Calculate the highest common divisor of 44551 and 598.
299
What is the greatest common factor of 223818 and 3?
3
Calculate the greatest common divisor of 930190 and 290.
10
Calculate the highest common factor of 87 and 753.
3
What is the highest common factor of 51310 and 70?
70
What is the greatest common factor of 32912 and 177628?
484
Calculate the greatest common factor of 47 and 3145099.
47
What is the highest common divisor of 819 and 9387?
63
Calculate the highest common factor of 1288 and 196696.
184
What is the highest common divisor of 137958 and 6?
6
Calculate the greatest common divisor of 132 and 21252.
132
What is the highest common factor of 13 and 176761?
13
Calculate the greatest common divisor of 256 and 472704.
128
What is the greatest common factor of 1317150 and 4050?
450
Calculate the highest common factor of 5509703 and 5002.
2501
What is the greatest common factor of 4680 and 104000?
520
What is the highest common divisor of 540 and 552960?
540
What is the highest common divisor of 15633 and 81?
81
Calculate the highest common factor of 23425 and 100.
25
What is the highest common factor of 266919 and 13317?
579
What is the highest common divisor of 38 and 11533?
19
What is the greatest common factor of 29516 and 376?
188
Calculate the highest common divisor of 10686528 and 432.
144
Calculate the highest common divisor of 132 and 82152.
12
Calculate the greatest common divisor of 3456 and 891.
27
Calculate the highest common divisor of 1379 and 1229083.
197
Calculate the highest common divisor of 16982 and 224.
14
Calculate the highest common divisor of 3621 and 5763.
51
What is the greatest common factor of 3414 and 570?
6
What is the highest common divisor of 624 and 321672?
312
Calculate the greatest common factor of 680697 and 2295.
459
Calculate the highest common divisor of 35256 and 6.
6
What is the greatest common divisor of 297132 and 1056?
132
What is the highest common factor of 6403 and 57?
19
What is the highest common divisor of 782 and 345?
23
What is the highest common factor of 15392 and 107536?
208
What is the highest common factor of 344596 and 7?
7
Calculate the highest common divisor of 86592 and 1558.
82
Calculate the greatest common divisor of 9786 and 8883.
21
What is the greatest common factor of 1325 and 48525?
25
Calculate the highest common divisor of 11224 and 385032.
488
What is the highest common divisor of 3871 and 212431?
79
Calculate the greatest common factor of 2538 and 98559.
423
What is the greatest common divisor of 42848 and 1442?
206
Calculate the greatest common divisor of 3168 and 6446.
22
Calculate the highest common factor of 25 and 1816.
1
Calculate the highest common factor of 4982 and 2544.
106
Calculate the highest common factor of 69030 and 4485.
195
What is the highest common divisor of 54 and 14046?
6
What is the greatest common divisor of 731506 and 3502?
206
What is the highest common divisor of 2010 and 205?
5
Calculate the highest common factor of 4278 and 6405592.
1426
Calculate the highest common divisor of 1738 and 638.
22
Calculate the highest common divisor of 927459 and 117.
117
What is the greatest common factor of 356130 and 18?
18
What is the highest common divisor of 381156 and 12?
12
Calculate the greatest common divisor of 960 and 4701760.
320
Calculate the greatest common factor of 792 and 3420.
36
Calculate the greatest common divisor of 41329 and 1221.
37
Wh